at is -525 (base 7) in base 13?
-174
-6c1 (base 14) to base 8
-2501
Convert -100110012 (base 3) to base 15.
-2095
What is 297 (base 14) in base 15?
250
1011111010101011 (base 2) to base 5
3030221
Convert -7611 (base 9) to base 15.
-19d4
7788 (base 9) to base 11
4358
446 (base 10) to base 7
1205
What is 40652 (base 7) in base 13?
46a3
Convert -316e (base 16) to base 15.
-3b39
What is 4373 (base 13) in base 4?
2102231
18a4 (base 11) to base 13
1138
What is 97 (base 10) in base 3?
10121
What is -65c (base 14) in base 6?
-5454
What is -21c9 (base 13) in base 3?
-20111010
What is 12350 (base 6) in base 13?
b07
Convert 1221201 (base 3) to base 12.
9a7
Convert -230 (base 13) to base 6.
-1425
What is 2221113 (base 5) in base 10?
38908
What is -47ac (base 15) in base 9?
-22810
Convert -3105 (base 6) to base 4.
-22301
964 (base 12) to base 9
1784
Convert -3113 (base 7) to base 12.
-768
Convert 68 (base 9) to base 3.
2022
Convert 395 (base 14) to base 16.
2cf
-1254 (base 6) to base 8
-502
-13734 (base 8) to base 15
-1c23
ba87 (base 14) to base 10
32263
Convert 1910 (base 12) to base 14.
116c
217 (base 13) to base 12
25a
What is -3b62 (base 12) in base 3?
-100101102
Convert 25a7 (base 12) to base 14.
17d5
Convert -27287 (base 9) to base 10.
-18466
Convert -12202222 (base 3) to base 12.
-252b
Convert 4e (base 16) to base 8.
116
11e (base 16) to base 13
190
What is 5a13 (base 15) in base 14?
6d95
-59c (base 13) to base 16
-3ce
Convert 3 (base 5) to base 3.
10
100000011010 (base 2) to base 3
2211211
-765 (base 10) to base 12
-539
13201 (base 4) to base 9
584
-213032 (base 5) to base 14
-2911
Convert 20111222 (base 3) to base 9.
6458
Convert 39955 (base 10) to base 11.
28023
-1064 (base 12) to base 5
-24204
Convert 22b (base 16) to base 11.
465
-637 (base 10) to base 4
-21331
What is -120311 (base 4) in base 8?
-3065
Convert 1015355 (base 6) to base 16.
c017
Convert -587 (base 15) to base 4.
-103210
1424 (base 8) to base 4
30110
1103234 (base 5) to base 12
b136
-33253 (base 6) to base 14
-1997
Convert 624 (base 10) to base 9.
763
Convert -15475 (base 8) to base 5.
-210343
Convert 1851 (base 10) to base 13.
ac5
-2012020 (base 3) to base 13
-960
Convert 314344 (base 5) to base 14.
3c11
What is 2300 (base 4) in base 3?
20112
-4a20 (base 11) to base 13
-2ca4
What is a449 (base 11) in base 14?
5091
-10718 (base 12) to base 2
-101010100000100
Convert -7396 (base 12) to base 8.
-30542
Convert -12a (base 12) to base 16.
-b2
Convert 2068 (base 10) to base 12.
1244
Convert -1301200 (base 5) to base 12.
-1269b
36540 (base 7) to base 4
2110332
135156 (base 7) to base 14
959d
Convert -453 (base 9) to base 10.
-372
Convert e85 (base 15) to base 16.
ccb
-1110010011 (base 2) to base 11
-762
What is 1a225 (base 11) in base 5?
1400340
Convert 10011010 (base 4) to base 15.
4e3d
What is 130303 (base 4) in base 15?
82d
Convert c604 (base 14) to base 4.
20110330
What is 567 (base 14) in base 2?
10000101111
2852a (base 12) to base 3
2211212221
What is -440320 (base 6) in base 16?
-8e38
Convert 8135 (base 11) to base 14.
3d1d
-15324 (base 8) to base 16
-1ad4
What is -254 (base 13) in base 11?
-340
-a1 (base 15) to base 16
-97
-75 (base 10) to base 12
-63
Convert 46 (base 7) to base 4.
202
2004 (base 5) to base 2
11111110
114054 (base 8) to base 11
272a5
-ab0 (base 14) to base 15
-95e
-2322 (base 9) to base 12
-bb5
Convert -2059 (base 10) to base 13.
-c25
Convert -66b (base 14) to base 4.
-103313
-1100000011101 (base 2) to base 14
-236d
Convert -2223 (base 6) to base 15.
-249
-67c5 (base 16) to base 5
-1322230
-100010010010 (base 2) to base 16
-892
What is ca (base 13) in base 4?
2212
What is 57b (base 15) in base 14?
649
What is -300 (base 12) in base 6?
-2000
What is -3221 (base 6) in base 13?
-445
What is 1415 (base 10) in base 6?
10315
Convert 2023 (base 4) to base 12.
b7
54672 (base 9) to base 16
8db0
12b (base 12) to base 6
455
Convert 1238 (base 10) to base 3.
1200212
44213 (base 10) to base 3
2020122112
Convert 487 (base 16) to base 13.
6b2
What is -1c9 (base 15) in base 2?
-110011110
-5565 (base 8) to base 6
-21325
Convert -2215 (base 10) to base 7.
-6313
What is -17262 (base 9) in base 10?
-11882
Convert 2b51 (base 12) to base 9.
6887
Convert 34220 (base 7) to base 11.
6588
-10010111111 (base 2) to base 12
-853
What is -9797 (base 16) in base 8?
-113627
What is -3735 (base 8) in base 16?
-7dd
Convert b (base 15) to base 10.
11
What is 13431 (base 8) in base 6?
43213
What is 684 (base 14) in base 4?
110030
Convert 146 (base 15) to base 4.
10203
What is 347 (base 15) in base 13?
451
Convert 27717 (base 8) to base 10.
12239
-997 (base 11) to base 13
-70c
-3e3 (base 15) to base 13
-534
Convert ee9c (base 15) to base 3.
2120100010
5ed2 (base 16) to base 2
101111011010010
Convert 1569 (base 10) to base 8.
3041
1312111 (base 5) to base 13
ba3a
Convert 2128 (base 13) to base 15.
1567
Convert 243 (base 16) to base 9.
713
3589 (base 10) to base 8
7005
What is 20a3 (base 13) in base 4?
1012233
What is -4a1 (base 14) in base 4?
-32131
-10010010000100101 (base 2) to base 15
-1725e
Convert -10110011 (base 2) to base 16.
-b3
What is b2c7 (base 15) in base 16?
9382
Convert 3205 (base 8) to base 2.
11010000101
Convert -231332 (base 6) to base 14.
-72d2
-111002 (base 3) to base 13
-212
-212003 (base 4) to base 6
-15135
13217 (base 9) to base 11
6785
152002 (base 6) to base 7
60554
Convert -14879 (base 15) to base 5.
-4103124
Convert 1371 (base 15) to base 14.
172c
1502 (base 7) to base 3
210212
Convert -1397 (base 11) to base 7.
-5151
-212222000 (base 3) to base 11
-12141
Convert -1364 (base 9) to base 14.
-538
Convert 125122 (base 6) to base 2.
10110011101010
-16b0 (base 16) to base 2
-1011010110000
What is 158f (base 16) in base 2?
1010110001111
-2343 (base 12) to base 11
-2a61
What is -429 (base 13) in base 14?
-38b
Convert 275 (base 8) to base 11.
162
What is 399 (base 14) in base 3?
222210
What is -6c55 (base 15) in base 11?
-16337
-10231 (base 5) to base 8
-1263
What is -f7 (base 16) in base 7?
-502
Convert -31b2 (base 15) to base 10.
-10517
13c (base 14) to base 4
3322
What is -5325 (base 6) in base 7?
-3341
-1011010011 (base 2) to base 8
-1323
What is -c9 (base 14) in base 13?
-108
Convert 1050 (base 10) to base 9.
1386
What is 121030 (base 4) in base 13?
970
What is -48f (base 16) in base 2?
-10010001111
What is -10110100 (base 2) in base 13?
-10b
1001000 (base 3) to base 9
1030
114 (base 13) to base 14
d4
Convert 5260 (base 11) to base 8.
15463
What is 675 (base 13) in base 12?
786
What is 101f (base 16) in base 7?
15014
7535 (base 10) to base 3
101100002
Convert -1a62 (base 11) to base 14.
-d45
-1047c (base 13) to base 2
-111001010011100
What is 140025 (base 6) in base 12?
7615
Convert 152154 (base 6) to base 9.
22217
What is -1031 (base 5) in base 4?
-2031
What is 1996 (base 16) in base 9?
8877
What is 14032 (base 6) in base 5?
32210
Convert 3420 (base 7) to base 3.
1200220
What is d49 (base 15) in base 2?
101110110010
31554 (base 8) to base 14
4b24
c7 (base 13) to base 5
1123
Convert 2397 (base 10) to base 6.
15033
What is 2505 (base 10) in base 3?
10102210
Convert -1871 (base 13) to base 5.
-104031
What is 145 (base 10) in base 11?
122
What is -1001011010101001 (base 2) in base 4?
-21122221
Convert 1ae (base 16) to base 15.
1da
481 (base 11) to base 9
706
What is 54075 (base 8) in base 15?
6a5e
What is -1221010 (base 3) in base 4?
-111333
3133 (base 6) to base 2
1011000001
-32314 (base 6) to base 11
-3375
What is -796 (base 15) in base 14?
-8a8
What is 150134 (base 6) in base 7?
56506
57f (base 16) to base 7
4050
-2032400 (base 5) to base 15
-9dba
What is 110430 (base 5) in base 4?
330121
What is 2432 (base 7) in base 15?
405
Convert -13ad (base 14) to base 10.
-3485
Convert 8085 (base 13) to base 7.
102363
Convert -10100110110 (base 2) to base 14.
-6b4
Convert -32213 (base 4) to base 5.
-12220
What is 39981 (base 10) in base 11?
28047
452 (base 7) to base 12
175
Convert -533 (base 11) to base 6.
-2545
What is -7751 (base 16) in base 15?
-90b5
What is -13150 (base 6) in base 11?
-1568
-22331 (base 7) to base 5
-140112
Convert -924 (base 13) to base 12.
-a93
Convert 3524 (base 6) to base 2.
1101001100
Convert 2454 (base 11) to base 6.
22501
What is -13121 (base 4) in base 1